Let v(z) = z**3 - 28*z**2 + z - 35. Calculate v(28).
-7
Let y(g) = g**2 - 7*g + 14. Give y(6).
8
Let f(s) = s**3 - 7*s**2 - 13*s + 1. What is f(8)?
-39
Let x(v) = v**3 - 10*v**2 - 26*v + 3. Calculate x(12).
-21
Let g(p) = p**3 + 32*p**2 + 29*p - 56. Determine g(-31).
6
Let a(p) = 27*p - 197. Calculate a(8).
19
Let n(m) = 2*m**2 + 24*m + 4. Give n(-12).
4
Let z(m) = -m - 26. Give z(-19).
-7
Let k(x) = 13*x - 5. What is k(1)?
8
Let c(f) = -f**3 + 11*f**2 - 8*f + 1. Determine c(10).
21
Let z(m) = m**3 + 5*m**2 + 5*m - 3. What is z(-4)?
-7
Let j(k) = -3*k**3 - 3*k**2 + 2*k + 2. Give j(-1).
0
Let n(x) = -11*x - 10. Calculate n(-9).
89
Let f(c) = 6*c**3 + 2*c**2 - 8*c + 6. What is f(1)?
6
Let b(w) = -w**2 - 18*w. What is b(-19)?
-19
Let t(x) = x - 1. Calculate t(4).
3
Let v(j) = j**2 - 7*j - 44. Give v(15).
76
Let l(n) = -n**3 + 7*n**2 - 11*n - 2. What is l(3)?
1
Let k(o) = -o**3 + 4*o**2 + 3*o + 12. Give k(5).
2
Let m(v) = -v**2 + 19*v - 14. Determine m(18).
4
Let m(j) = 28*j + 866. Determine m(-31).
-2
Let k(l) = l**3 - 3*l**2 - 2*l. Calculate k(3).
-6
Let f(n) = 44*n + 1. Calculate f(-1).
-43
Let j(f) = f**2 + 2*f + 3. What is j(8)?
83
Let a(d) = d**3 + d**2 + 2*d - 2. What is a(3)?
40
Let v(l) = -3*l**2 + 5*l - 11. What is v(4)?
-39
Let k(b) = -b**3 + 8*b**2 + 7*b - 9. What is k(8)?
47
Let w(j) = 4*j - 7. Determine w(5).
13
Let h(k) = -2*k + 41. Calculate h(24).
-7
Let f(j) = -j**3 - 11*j**2 - 5*j. What is f(-11)?
55
Let d(q) = q**2 - 9*q + 8. Determine d(9).
8
Let u(f) = -f**3 - 3*f**2 - f - 10. What is u(-5)?
45
Let s(i) = -6*i - 58. Calculate s(-9).
-4
Let l(m) = 2*m - 9. Calculate l(-8).
-25
Let x(m) = m**3 - 12*m**2 + 24*m - 9. Give x(10).
31
Let b(k) = -k**3 - 18*k**2 - 30*k + 28. Calculate b(-16).
-4
Let t(n) = -n**2 - 9*n + 244. Give t(-21).
-8
Let k(b) = -2*b**2 + 14*b + 13. Give k(8).
-3
Let p(x) = -x**3 + 5*x**2 + 8*x - 7. What is p(6)?
5
Let v(t) = 3*t + 78. Calculate v(-33).
-21
Let w(r) = r**2 - 4*r - 1. Determine w(4).
-1
Let g(k) = k + 2. What is g(-2)?
0
Let w(n) = n**3 + 8*n**2 - 13*n. Determine w(-9).
36
Let t(k) = k**3 - 13*k**2 + 2*k - 15. Calculate t(13).
11
Let t(o) = -229*o - 910. What is t(-4)?
6
Let m(l) = -l**3 - 18*l**2 + 18*l - 13. Determine m(-19).
6
Let z(m) = 2*m**3 - 4*m**2 + 5*m - 1. Give z(1).
2
Let m(f) = f**2 + 15*f + 86. Give m(-9).
32
Let s(g) = g**3 - 4*g**2 + 7*g - 5. Give s(1).
-1
Let w(q) = -q**2 + 11*q - 17. Give w(9).
1
Let i(s) = 3*s**2 - 28*s - 15. Give i(10).
5
Let b(p) = 5*p + 28. Give b(-13).
-37
Let c(r) = -r - 24. Calculate c(-13).
-11
Let d(g) = g**2 - 17*g + 57. Calculate d(5).
-3
Let t(w) = w + 6. Give t(0).
6
Let k(a) = 2*a**3 - 8*a**2 - 13*a + 8. Calculate k(5).
-7
Let s(h) = h**3 + 13*h**2 - 2*h - 17. Calculate s(-13).
9
Let b(v) = -v**3 + 2*v**2 - 2*v + 7. What is b(0)?
7
Let p(c) = -9*c + 5. Determine p(-2).
23
Let c(v) = v**2 - 2*v + 11. What is c(-4)?
35
Let t(x) = x**2 - 6*x - 5. Calculate t(7).
2
Let o(t) = 32*t + 24. Determine o(-1).
-8
Let d(k) = -k**3 + 6*k. Give d(-3).
9
Let v(z) = -7*z**2 - 52*z - 22. Calculate v(-7).
-1
Let t(h) = -h**2 - 17*h + 144. Determine t(6).
6
Let d(o) = -o**2 - 41*o - 122. What is d(-39)?
-44
Let d(t) = 3*t + 27. What is d(-12)?
-9
Let r(f) = -f**3 + 8*f**2 - 5*f - 9. Give r(7).
5
Let c(z) = -z - 13. What is c(-11)?
-2
Let x(h) = 3*h**2 - 8*h - 15. Calculate x(-2).
13
Let g(s) = -s**2 + 11*s + 18. Calculate g(13).
-8
Let t(x) = x**3 - 12*x**2 - 17*x + 37. Give t(13).
-15
Let x(t) = t**3 - 18*t + 45. Determine x(4).
37
Let s(z) = -z**3 - 2*z**2 - 4*z - 2. What is s(-2)?
6
Let b(p) = p - 10. Give b(7).
-3
Let s(m) = -9*m + 47. Calculate s(5).
2
Let w(h) = -5*h + 64. Calculate w(12).
4
Let f(x) = -x**3 + 8*x**2 - 13*x - 1. What is f(6)?
-7
Let s(d) = -d**2 + 17. Give s(0).
17
Let w(u) = -u**3 - 6*u**2 - 4*u + 2. Give w(-5).
-3
Let m(s) = -s**3 + 3*s**2 + s - 4. Give m(4).
-16
Let y(f) = -26*f - 167. Calculate y(-6).
-11
Let v(w) = -8*w + 5. Give v(3).
-19
Let m(v) = v**3 - 9*v**2 - 9*v - 14. Give m(10).
-4
Let o(j) = -j**3 - 11*j**2 - 9*j. What is o(-10)?
-10
Let d(s) = -16*s - 154. Calculate d(-9).
-10
Let m(y) = -2*y + 14. What is m(5)?
4
Let m(k) = k**3 - 7*k**2 + 5*k - 7. Give m(6).
-13
Let x(r) = -12*r - 7. Determine x(0).
-7
Let p(v) = v**3 + 9*v**2 - 10*v - 8. What is p(-10)?
-8
Let s(g) = 3*g + 9. Give s(-8).
-15
Let g(n) = n**3 - 4*n**2 - 2*n - 2. Give g(5).
13
Let z(y) = 2*y**2 + 3*y - 8. Determine z(-4).
12
Let o(l) = -16*l + 5. Determine o(1).
-11
Let v(l) = -l**3 - 6*l**2 + 8*l + 17. Give v(-7).
10
Let q(y) = y**2 - 9*y + 5. Give q(8).
-3
Let a(s) = 24*s**2 + 6*s - 5. What is a(1)?
25
Let x(s) = -s**2 + 9*s + 21. What is x(-3)?
-15
Let d(z) = 6*z + 34. What is d(-13)?
-44
Let l(y) = 3*y**2 + 12*y - 10. Determine l(-6).
26
Let n(r) = 3*r + 48. Give n(0).
48
Let w(c) = 23*c - 138. Determine w(6).
0
Let q(i) = 23*i - 322. Determine q(14).
0
Let v(t) = t**3 - 4*t**2 + 3*t + 2. Calculate v(2).
0
Let w(k) = -k**2 + 13*k + 15. Determine w(11).
37
Let o(x) = 3*x**2 + 5*x + 9. Determine o(6).
147
Let t(g) = 83*g + 602. Calculate t(-7).
21
Let i(v) = v + 2. Give i(7).
9
Let a(g) = -12*g - 65. What is a(-12)?
79
Let q(f) = -f**3 - 2*f + 20. Give q(0).
20
Let r(q) = -q**3 + q + 11. What is r(0)?
11
Let v(y) = -y - 9. What is v(-8)?
-1
Let l(z) = 2*z**2 - 8*z - 12. Calculate l(5).
-2
Let p(z) = z + 7. Determine p(-2).
5
Let t(w) = -w**2 + 2*w - 2. Determine t(2).
-2
Let r(l) = -3*l**2 - 12*l - 15. What is r(-2)?
-3
Let x(c) = c**3 - 11*c**2 - 37*c + 414. What is x(11)?
7
Let v(q) = q**2 - 6*q - 4. Determine v(0).
-4
Let a(i) = -i**2 - 18*i + 42. Determine a(-20).
2
Let t(j) = -j**3 - 8*j**2 + 8*j + 49. Give t(-8).
-15
Let u(x) = -x**2 - 13*x - 3. What is u(-13)?
-3
Let a(i) = 3*i**2 + 7*i - 3. Give a(-4).
17
Let d(f) = f**2 - 4*f + 39. What is d(9)?
84
Let z(b) = -b**2 + 23*b - 8. Give z(23).
-8
Let h(k) = -2*k + 6. Determine h(4).
-2
Let f(u) = 3*u - 10. Give f(3).
-1
Let o(u) = -u**2 - 15*u - 11. Calculate o(-14).
3
Let a(s) = 4*s + 4. Determine a(5).
24
Let j(h) = -h**3 - 2*h**2 + 7*h + 17. Determine j(-3).
5
Let o(y) = -y**2 + y - 44. Calculate o(0).
-44
Let s(k) = -10*k + 4. Give s(4).
-36
Let t(v) = -v**3 - 7*v**2 + 8*v + 8. Give t(-7).
-48
Let j(b) = -2*b - 43. Determine j(-18).
-7
Let z(s) = -s + 3. Determine z(-13).
16
Let n(k) = k**2 + 4*k + 2. Calculate n(-10).
62
Let v(x) = x**2 - 13*x - 12. Give v(9).
-48
Let i(m) = 7*m - 87. Calculate i(11).
-10
Let v(x) = x**3 + 13*x**2 + 3*x - 6. Determine v(-13).
-45
Let t(w) = -w**3 - 10*w**2 - 4*w - 22. Calculate t(-10).
18
Let l(c) = 7*c**2 + 67*c + 39. What is l(-9)?
3
Let x(m) = -17*m + 83. Give x(5).
-2
Let a(q) = q**3 - 4*q. Calculate a(2).
0
Let m(i) = -4*i**2 - 17*i + 23. What is m(-8)?
-97
Let q(b) = b**2 - b + 8. Calculate q(6).
38
Let a(s) = 2*s - 3. Give a(-4).
-11
Let w(i) = -i**2 - 2*i + 1. Determine w(1).
-2
Let f(u) = 2*u**2 + 11*u - 4. What is f(-6)?
2
Let o(k) = -44*k + 39. Calculate o(1).
-5
Let u(r) = r**2 + 3*r + 9. Give u(-6).
27
Let d(s) = -6*s**2 - 5*s - 5. Calculate d(-2).
-19
Let b(p) = p**2 + p + 1. Give b(5).
31
Let o(x) = x - 13. Calculate o(11).
-2
Let k(o) = -7*o + 7. Give k(-1).
14
Let w(k) = -k**3 - 9*k**2 - 4*k + 10. What is w(-8)?
-22
Let y(z) = z**2 - 20. What is y(-4)?
-4
Let s(g) = g**2 + 7*g - 9. Calculate s(-7).
-9
Let c(q) = -11*q**2 - 37*q - 9. Give c(-3).
3
Let v(b) = 112*b - 667. Calculate v(6).
5
Let l(z) = 4*z + 9. What is l(-4)?
-7
Let t(x) = x + 23. Give t(-15).
8
Let z(a) = -a**2 + 22*a - 24. Give z(21).
-3
Let k(l) = -16*l + 3. Determine k(-3).
51
Let l(y) = y**2 - 13*y + 35. Give l(6).
-7
Let y(b) = 2*b**3 + 66*b**2 + 124*b - 27. Determine y(-31).
-27
Let i(w) = w**3 - 72*w**2 - 74*w + 70. Give i(73).
-3
Let g(s) = 2*s - 43. Calculate g(-15).
-73
Let c(f) = 4*f**2 - 3*f - 4. What is c(-2)?
18
Let p(r) = r**3 + 5*r**2 + 5*r + 5. Determine p(-4).
1
Let c(k) = k**3 - 2*k**2 - 19*k - 1. Determine c(6).
29
Let d(k) = 10*k - 5. Calculate d(5).
45
Let x(t) = t**3 + 31*t**2 - 2*t - 72. Determine x(-31).
-10
Let r(c) = -4*c - 52. Give r(-17).
16
Let h(s) = s**2 + 7*s - 8. Determine h(-9).
10
Let a(t) = 105*t**3 + t**2 - 1. Calculate a(1).
105
Let l(t) = -t + 14. Calculate l(10).
4
Let c(w) = -w**2 + 7*w - 5. Determine c(8).
-13
Let u(o) = -3*o - 20. What is